{"id":5576,"date":"2025-09-05T05:23:20","date_gmt":"2025-09-05T05:23:20","guid":{"rendered":"https:\/\/pualuan.cl\/outdoor\/?post_type=product&#038;p=5576"},"modified":"2025-09-05T05:23:21","modified_gmt":"2025-09-05T05:23:21","slug":"bota-militar-delta-color-beige","status":"publish","type":"product","link":"https:\/\/pualuan.cl\/outdoor\/producto\/bota-militar-delta-color-beige\/","title":{"rendered":"Bota Militar Delta Color Beige"},"content":{"rendered":"<div class=\"card__header\">\n<p><strong>Bota Militar Delta Color Beige<\/strong><\/p>\n<p class=\"card__title heading h3\"><strong>Descripci\u00f3n<\/strong><\/p>\n<\/div>\n<div class=\"card__section expandable-content expandable-content--expandable\" aria-expanded=\"true\">\n<div class=\"rte text--pull\">\n<p>Las Botas Delta son un calzado especializado dise\u00f1ado para brindar durabilidad, protecci\u00f3n y comodidad en actividades al aire libre y situaciones exigentes.<\/p>\n<p><strong>Caracter\u00edsticas del Producto:<\/strong><\/p>\n<ul>\n<li>G\u00e9nero: Hombre<\/li>\n<li>Marca: Delta.<\/li>\n<li>Modelo: Militar.<\/li>\n<li>Color: Beige<\/li>\n<\/ul>\n<\/div>\n<\/div>\n","protected":false},"excerpt":{"rendered":"<p>Bota Militar Delta Color Beige Descripci\u00f3n Las Botas Delta son un calzado especializado dise\u00f1ado para brindar durabilidad, protecci\u00f3n y comodidad en actividades al aire libre y situaciones exigentes. Caracter\u00edsticas del&#8230;<\/p>\n","protected":false},"featured_media":5577,"comment_status":"open","ping_status":"closed","template":"","meta":{"_joinchat":[]},"product_brand":[],"product_cat":[63,48],"product_tag":[],"class_list":{"0":"post-5576","1":"product","2":"type-product","3":"status-publish","4":"has-post-thumbnail","6":"product_cat-calzado","7":"product_cat-tactico","9":"first","10":"instock","11":"shipping-taxable","12":"purchasable","13":"product-type-simple"},"_links":{"self":[{"href":"https:\/\/pualuan.cl\/outdoor\/wp-json\/wp\/v2\/product\/5576","targetHints":{"allow":["GET"]}}],"collection":[{"href":"https:\/\/pualuan.cl\/outdoor\/wp-json\/wp\/v2\/product"}],"about":[{"href":"https:\/\/pualuan.cl\/outdoor\/wp-json\/wp\/v2\/types\/product"}],"replies":[{"embeddable":true,"href":"https:\/\/pualuan.cl\/outdoor\/wp-json\/wp\/v2\/comments?post=5576"}],"wp:featuredmedia":[{"embeddable":true,"href":"https:\/\/pualuan.cl\/outdoor\/wp-json\/wp\/v2\/media\/5577"}],"wp:attachment":[{"href":"https:\/\/pualuan.cl\/outdoor\/wp-json\/wp\/v2\/media?parent=5576"}],"wp:term":[{"taxonomy":"product_brand","embeddable":true,"href":"https:\/\/pualuan.cl\/outdoor\/wp-json\/wp\/v2\/product_brand?post=5576"},{"taxonomy":"product_cat","embeddable":true,"href":"https:\/\/pualuan.cl\/outdoor\/wp-json\/wp\/v2\/product_cat?post=5576"},{"taxonomy":"product_tag","embeddable":true,"href":"https:\/\/pualuan.cl\/outdoor\/wp-json\/wp\/v2\/product_tag?post=5576"}],"curies":[{"name":"wp","href":"https:\/\/api.w.org\/{rel}","templated":true}]}}