{"id":5542,"date":"2025-09-05T04:13:07","date_gmt":"2025-09-05T04:13:07","guid":{"rendered":"https:\/\/pualuan.cl\/outdoor\/?post_type=product&#038;p=5542"},"modified":"2025-09-05T04:13:08","modified_gmt":"2025-09-05T04:13:08","slug":"almohada-inflable-bestway","status":"publish","type":"product","link":"https:\/\/pualuan.cl\/outdoor\/producto\/almohada-inflable-bestway\/","title":{"rendered":"Almohada inflable Bestway"},"content":{"rendered":"<p><strong>Almohada inflable Bestway 42cm<\/strong><\/p>\n<p id=\"tw-target-text\" class=\"tw-data-text tw-text-large tw-ta\" dir=\"ltr\" role=\"text\" data-placeholder=\"Traducci\u00f3n\" data-ved=\"2ahUKEwi-7ZKX4MCPAxVpqJUCHYUeA-gQ3ewLegQICxAV\" aria-label=\"Texto traducido: Coj\u00edn inflable de terciopelo Bestway 67121\nSi valora la comodidad al ba\u00f1arse en su jacuzzi, este coj\u00edn es la soluci\u00f3n perfecta para aumentar la comodidad al usarlo. Est\u00e1 fabricado con un material suave y acolchado con terciopelo en la superficie. Puede usarlo tanto en interiores como en exteriores. Se infla r\u00e1pidamente y ocupa poco espacio, por lo que es perfecto para viajes.\nCaracter\u00edsticas principales:\n- Dimensiones del coj\u00edn: 42 cm x 26 cm x 10 cm\n- Para uso en interiores y exteriores\n- Estela inflable con vigas en I\n- Se adapta a cualquier colch\u00f3n\n- Tap\u00f3n de reparaci\u00f3n incluido en el kit\nDimensiones: 12 cm x 4 cm x 7 cm\"><span class=\"Y2IQFc\" lang=\"es\">Este coj\u00edn es la soluci\u00f3n perfecta para aumentar la comodidad al usarlo. Est\u00e1 fabricado con un material suave y acolchado con terciopelo en la superficie. Puede usarlo tanto en interiores como en exteriores. Se infla r\u00e1pidamente y ocupa poco espacio, por lo que es perfecto para viajes. Caracter\u00edsticas principales:<\/span><\/p>\n<ul>\n<li class=\"tw-data-text tw-text-large tw-ta\" dir=\"ltr\" role=\"text\" data-placeholder=\"Traducci\u00f3n\" data-ved=\"2ahUKEwi-7ZKX4MCPAxVpqJUCHYUeA-gQ3ewLegQICxAV\" aria-label=\"Texto traducido: Coj\u00edn inflable de terciopelo Bestway 67121\nSi valora la comodidad al ba\u00f1arse en su jacuzzi, este coj\u00edn es la soluci\u00f3n perfecta para aumentar la comodidad al usarlo. Est\u00e1 fabricado con un material suave y acolchado con terciopelo en la superficie. Puede usarlo tanto en interiores como en exteriores. Se infla r\u00e1pidamente y ocupa poco espacio, por lo que es perfecto para viajes.\nCaracter\u00edsticas principales:\n- Dimensiones del coj\u00edn: 42 cm x 26 cm x 10 cm\n- Para uso en interiores y exteriores\n- Estela inflable con vigas en I\n- Se adapta a cualquier colch\u00f3n\n- Tap\u00f3n de reparaci\u00f3n incluido en el kit\nDimensiones: 12 cm x 4 cm x 7 cm\"><span class=\"Y2IQFc\" lang=\"es\">Dimensiones del coj\u00edn: 42 cm x 26 cm x 10 cm\u00a0<\/span><\/li>\n<li class=\"tw-data-text tw-text-large tw-ta\" dir=\"ltr\" role=\"text\" data-placeholder=\"Traducci\u00f3n\" data-ved=\"2ahUKEwi-7ZKX4MCPAxVpqJUCHYUeA-gQ3ewLegQICxAV\" aria-label=\"Texto traducido: Coj\u00edn inflable de terciopelo Bestway 67121\nSi valora la comodidad al ba\u00f1arse en su jacuzzi, este coj\u00edn es la soluci\u00f3n perfecta para aumentar la comodidad al usarlo. Est\u00e1 fabricado con un material suave y acolchado con terciopelo en la superficie. Puede usarlo tanto en interiores como en exteriores. Se infla r\u00e1pidamente y ocupa poco espacio, por lo que es perfecto para viajes.\nCaracter\u00edsticas principales:\n- Dimensiones del coj\u00edn: 42 cm x 26 cm x 10 cm\n- Para uso en interiores y exteriores\n- Estela inflable con vigas en I\n- Se adapta a cualquier colch\u00f3n\n- Tap\u00f3n de reparaci\u00f3n incluido en el kit\nDimensiones: 12 cm x 4 cm x 7 cm\"><span class=\"Y2IQFc\" lang=\"es\">Para uso en interiores y exteriores<\/span><\/li>\n<li class=\"tw-data-text tw-text-large tw-ta\" dir=\"ltr\" role=\"text\" data-placeholder=\"Traducci\u00f3n\" data-ved=\"2ahUKEwi-7ZKX4MCPAxVpqJUCHYUeA-gQ3ewLegQICxAV\" aria-label=\"Texto traducido: Coj\u00edn inflable de terciopelo Bestway 67121\nSi valora la comodidad al ba\u00f1arse en su jacuzzi, este coj\u00edn es la soluci\u00f3n perfecta para aumentar la comodidad al usarlo. Est\u00e1 fabricado con un material suave y acolchado con terciopelo en la superficie. Puede usarlo tanto en interiores como en exteriores. Se infla r\u00e1pidamente y ocupa poco espacio, por lo que es perfecto para viajes.\nCaracter\u00edsticas principales:\n- Dimensiones del coj\u00edn: 42 cm x 26 cm x 10 cm\n- Para uso en interiores y exteriores\n- Estela inflable con vigas en I\n- Se adapta a cualquier colch\u00f3n\n- Tap\u00f3n de reparaci\u00f3n incluido en el kit\nDimensiones: 12 cm x 4 cm x 7 cm\"><span class=\"Y2IQFc\" lang=\"es\"> Se adapta a cualquier colch\u00f3n\u00a0<\/span><\/li>\n<li class=\"tw-data-text tw-text-large tw-ta\" dir=\"ltr\" role=\"text\" data-placeholder=\"Traducci\u00f3n\" data-ved=\"2ahUKEwi-7ZKX4MCPAxVpqJUCHYUeA-gQ3ewLegQICxAV\" aria-label=\"Texto traducido: Coj\u00edn inflable de terciopelo Bestway 67121\nSi valora la comodidad al ba\u00f1arse en su jacuzzi, este coj\u00edn es la soluci\u00f3n perfecta para aumentar la comodidad al usarlo. Est\u00e1 fabricado con un material suave y acolchado con terciopelo en la superficie. Puede usarlo tanto en interiores como en exteriores. Se infla r\u00e1pidamente y ocupa poco espacio, por lo que es perfecto para viajes.\nCaracter\u00edsticas principales:\n- Dimensiones del coj\u00edn: 42 cm x 26 cm x 10 cm\n- Para uso en interiores y exteriores\n- Estela inflable con vigas en I\n- Se adapta a cualquier colch\u00f3n\n- Tap\u00f3n de reparaci\u00f3n incluido en el kit\nDimensiones: 12 cm x 4 cm x 7 cm\"><span class=\"Y2IQFc\" lang=\"es\"> Tap\u00f3n de reparaci\u00f3n incluido en el kit <\/span><\/li>\n<li class=\"tw-data-text tw-text-large tw-ta\" dir=\"ltr\" role=\"text\" data-placeholder=\"Traducci\u00f3n\" data-ved=\"2ahUKEwi-7ZKX4MCPAxVpqJUCHYUeA-gQ3ewLegQICxAV\" aria-label=\"Texto traducido: Coj\u00edn inflable de terciopelo Bestway 67121\nSi valora la comodidad al ba\u00f1arse en su jacuzzi, este coj\u00edn es la soluci\u00f3n perfecta para aumentar la comodidad al usarlo. Est\u00e1 fabricado con un material suave y acolchado con terciopelo en la superficie. Puede usarlo tanto en interiores como en exteriores. Se infla r\u00e1pidamente y ocupa poco espacio, por lo que es perfecto para viajes.\nCaracter\u00edsticas principales:\n- Dimensiones del coj\u00edn: 42 cm x 26 cm x 10 cm\n- Para uso en interiores y exteriores\n- Estela inflable con vigas en I\n- Se adapta a cualquier colch\u00f3n\n- Tap\u00f3n de reparaci\u00f3n incluido en el kit\nDimensiones: 12 cm x 4 cm x 7 cm\"><span class=\"Y2IQFc\" lang=\"es\">Dimensiones: 12 cm x 4 cm x 7 cm<\/span><\/li>\n<\/ul>\n","protected":false},"excerpt":{"rendered":"<p>Almohada inflable Bestway 42cm Este coj\u00edn es la soluci\u00f3n perfecta para aumentar la comodidad al usarlo. Est\u00e1 fabricado con un material suave y acolchado con terciopelo en la superficie. Puede&#8230;<\/p>\n","protected":false},"featured_media":5543,"comment_status":"open","ping_status":"closed","template":"","meta":{"_joinchat":[]},"product_brand":[],"product_cat":[42],"product_tag":[],"class_list":{"0":"post-5542","1":"product","2":"type-product","3":"status-publish","4":"has-post-thumbnail","6":"product_cat-camping-y-trekking","8":"first","9":"instock","10":"shipping-taxable","11":"purchasable","12":"product-type-simple"},"_links":{"self":[{"href":"https:\/\/pualuan.cl\/outdoor\/wp-json\/wp\/v2\/product\/5542","targetHints":{"allow":["GET"]}}],"collection":[{"href":"https:\/\/pualuan.cl\/outdoor\/wp-json\/wp\/v2\/product"}],"about":[{"href":"https:\/\/pualuan.cl\/outdoor\/wp-json\/wp\/v2\/types\/product"}],"replies":[{"embeddable":true,"href":"https:\/\/pualuan.cl\/outdoor\/wp-json\/wp\/v2\/comments?post=5542"}],"wp:featuredmedia":[{"embeddable":true,"href":"https:\/\/pualuan.cl\/outdoor\/wp-json\/wp\/v2\/media\/5543"}],"wp:attachment":[{"href":"https:\/\/pualuan.cl\/outdoor\/wp-json\/wp\/v2\/media?parent=5542"}],"wp:term":[{"taxonomy":"product_brand","embeddable":true,"href":"https:\/\/pualuan.cl\/outdoor\/wp-json\/wp\/v2\/product_brand?post=5542"},{"taxonomy":"product_cat","embeddable":true,"href":"https:\/\/pualuan.cl\/outdoor\/wp-json\/wp\/v2\/product_cat?post=5542"},{"taxonomy":"product_tag","embeddable":true,"href":"https:\/\/pualuan.cl\/outdoor\/wp-json\/wp\/v2\/product_tag?post=5542"}],"curies":[{"name":"wp","href":"https:\/\/api.w.org\/{rel}","templated":true}]}}